62 - 1874. What is the remainder when 7840 is divided by p?
70
Suppose 5*q - 82 = 3*x + 25, -2*q = -5*x - 20. Calculate the remainder when 1760 is divided by q.
10
What is the remainder when 8782 is divided by (5 - 8) + (2/(-9) - (-15355)/45)?
332
Suppose 0 = -d - 5*i - 5 - 4, -5*d - i + 51 = 0. Let p(o) = 3*o - 25. Calculate the remainder when 46 + (0/(-2))/(-4) is divided by p(d).
6
Suppose 3*h + 5*o + 412 = 15*h, -52 = -2*h + 5*o. What is the remainder when 2621 is divided by h?
29
Let b = 1409 - 1345. Calculate the remainder when 485 is divided by b.
37
What is the remainder when 336 is divided by 5/2*(16/(-40) + 14)?
30
Let q = -4833 + 4837. Calculate the remainder when 494 is divided by q.
2
Suppose -2998 = -18*k + 8054. Calculate the remainder when k is divided by 11.
9
Suppose -7*q + 12*q = -440. Let i = q + 90. Suppose 0 = -4*y - 20, 4*y + 121 - 31 = i*j. What is the remainder when j is divided by 6?
5
Let i = -2504 + 4661. What is the remainder when i is divided by 48?
45
Let s(o) = o**2 + 5*o + 2. Let y be s(-5). Suppose -7*r = 6089 - 944. Calculate the remainder when 106 is divided by r/(-27) + ((-48)/(-27) - y).
25
Let q(c) = -c**2 + 6*c + 17. Let m be q(7). Suppose -m*t + 27 = -7*t. Suppose 12*u - 60 = t*u. Calculate the remainder when u is divided by 11.
9
Let h(f) be the second derivative of -f**4/12 - 31*f**3/6 - 22*f**2 + 33*f. Let n(l) = 56*l**3 - l**2. What is the remainder when n(1) is divided by h(-29)?
13
Suppose 11*k = 149 + 1149. What is the remainder when 41063 is divided by k?
117
Suppose 282*a = 166*a + 9976. Calculate the remainder when a is divided by 60.
26
Suppose 0 = 5*u - 66*t + 69*t - 868, 3*u - 4*t = 544. What is the remainder when u is divided by 129?
47
What is the remainder when (3 + -1)*(-222)/(-12) is divided by 1 + 5/1 + (12 - -1)?
18
Suppose -i + 28 - 24 = 0. Suppose -2*o - i*x = -o - 31, 0 = -4*x + 12. What is the remainder when 73 is divided by o?
16
Suppose -6*s = 61 - 697. Suppose -62 = -14*d + s. What is the remainder when 36 is divided by d?
0
Let d = -3041 - -4411. Calculate the remainder when d is divided by 98.
96
Let f = 1112 + -1108. Let r = 29 + -24. Calculate the remainder when r is divided by f.
1
Let w(i) = i**3 + 8*i**2 + 9*i + 11. Let z(t) = -t**2 + 38*t - 197. Let s be z(32). Calculate the remainder when 110 is divided by w(s).
28
Suppose -4*j + 4*i = -1252, j - 76 = -5*i + 237. Let r = j + -267. What is the remainder when r is divided by 21?
4
Calculate the remainder when 120 is divided by 4 + 7 + (90 - -15).
4
Let l(o) = 53*o - 16. Let d(f) = f - 1. Let r(k) = -3*d(k) - l(k). What is the remainder when r(-5) is divided by 43?
41
Let j(g) = 19*g + 261. What is the remainder when j(7) is divided by 93?
22
Let l(c) be the second derivative of -14*c + 35/2*c**2 - 1/6*c**3 + 0. Calculate the remainder when l(-15) is divided by 13.
11
Let s be (-6)/4*1 - (-55)/(-10). Let q be 2/((-2)/s + 32/(-63)). Let w = 21 + q. What is the remainder when 18 is divided by w?
6
Calculate the remainder when 179 is divided by 3*(-434)/(-112)*8.
86
Suppose -132 - 1 = -7*j. Let b = -15 + j. Suppose 2*n = b*g - 146, 2*g - 2*n - 97 + 25 = 0. Calculate the remainder when g is divided by 10.
7
Suppose n + 8 = 2*d, 0 = 3*d - 2*d - 4. Suppose -15*k + 13*k + 96 = n. Calculate the remainder when k is divided by 24.
0
Let v = 54 + -59. Calculate the remainder when 96 is divided by (v/2)/(3*(-1)/30).
21
Let g(n) = -n**3 - 2*n**2 - 2*n - 1. Let m be g(-1). Let a = 5 + m. Calculate the remainder when (-11 - -28)/(4 - 21/6) is divided by a.
4
Suppose 37*n - 29*n - q = 7906, q - 2962 = -3*n. Calculate the remainder when n is divided by 194.
18
Let y(a) = 14*a**3 + 2*a**2 + 2*a + 1. Let j be y(-1). Let l = -8 - j. Let g = 10972 - 10944. Calculate the remainder when g is divided by l.
3
Let i(h) = h**3 - h**2 - 3*h + 1. Calculate the remainder when i(4) is divided by (-14892)/(-1122) + 3/(-11).
11
Let m(j) = -4*j**2 - 21*j + 22. Calculate the remainder when 1*(-10)/2*-2 is divided by m(-6).
2
Calculate the remainder when (499 - 1) + (-93 - -86) is divided by 15.
11
Let k = 15078 - 10380. What is the remainder when k is divided by 127?
126
Suppose -2*i = -259 - 95. Let a(t) = -t**2 - 7*t + 6. Calculate the remainder when i is divided by a(-6).
9
Let n = 3 - 3. Let a = 7 + n. Suppose -3*y + 13*o = 11*o - 49, y - o = 16. Calculate the remainder when y is divided by a.
3
Calculate the remainder when 2247 is divided by (29/(-28) + (-156)/48)/(2/(-7)).
12
Suppose s - 8 + 3 = 0. Suppose 90*r - 2843 + 233 = 0. Calculate the remainder when r is divided by s.
4
Let u(g) = -285*g - 1584. What is the remainder when u(-9) is divided by 28?
1
Let g = 221 - 193. Suppose -304 = 20*h - g*h. Calculate the remainder when h is divided by 20.
18
Suppose 47*a - 556 = 1324. Let s = -375 - -732. Calculate the remainder when s is divided by a.
37
Suppose -5*u + 4*d + 763 = 0, 4*u - 2*d - 614 = 3*d. Suppose -58 - u = -19*g. Calculate the remainder when 98 is divided by g.
10
Suppose -3*k + 714 = 4*z, -3*z + 685 = 4*k - 253. Calculate the remainder when 635 is divided by k.
175
Let u = 7 + -2. Let v(a) = -2*a + 36. Let q be (-44)/(-4) - (-4 - -6). Calculate the remainder when v(q) is divided by u.
3
Let c(n) = n + 24. Let k be c(-18). Let x be (-7)/((-21)/k)*34/(-4). What is the remainder when (-4 + (5 - x))/((-2)/(-11)) is divided by 20?
19
What is the remainder when (-14)/49 + 1/((-21)/(-1026))*5 is divided by 227?
17
What is the remainder when 952 + (-9 - -8) - (-16 - -25) is divided by 69?
45
Let a = -12 + 42. Suppose 3*g - a + 18 = 0. Suppose -13 = -g*t + 7. What is the remainder when 32 is divided by t?
2
Suppose -24 = 22*o - 28*o. Suppose -3*k + 5*b = -646, 3*b = o*k - 1006 + 163. What is the remainder when k is divided by 52?
51
Let g = 433 - 154. What is the remainder when 16458 is divided by g?
276
Suppose 3*n + 0 = 6. Suppose -126*x + 85 = -109*x. Calculate the remainder when (-319)/44*n*-2 is divided by x.
4
Suppose -3*l + 1800 = 9*l. Calculate the remainder when l is divided by 88.
62
Let k = 10833 + -10650. What is the remainder when 344 is divided by k?
161
Suppose -731*m = -632*m - 71280. What is the remainder when m is divided by 34?
6
Let a = 5088 - 4828. Calculate the remainder when a is divided by 16.
4
Calculate the remainder when ((-1617)/1078)/(6/(-6496)) is divided by 37.
33
Let a(d) = -3*d**3 - 5*d**2 - 32*d - 276. What is the remainder when a(-7) is divided by 278?
176
Suppose 8 = 4*f, 2*i + 40*f - 35*f = 18. Suppose 3*j + 3*l = 1029, -4*j - 349 = -5*j - i*l. What is the remainder when j is divided by 4?
1
Let h be (-1*1/3)/((-2)/90). Let u(w) = -2*w + 35. Let b be u(h). Calculate the remainder when (-8)/(-20) + 233/b is divided by 16.
15
What is the remainder when 205/2*(-12)/(-15) is divided by (-196)/(-16) + (6/(-52))/(8/(-52))?
4
Let d = -106 + 216. Let l be d*1 + -1 + 0 + 0. Suppose -4*c + 5*c = 3*z - l, 2*c = 2*z - 78. Calculate the remainder when 69 is divided by z.
34
Suppose 2*j - 9 = 9. Let d be (-1)/1*(-11 - -9). Calculate the remainder when j is divided by (42/14*(d - 1))/1.
0
Suppose 0 = -3*d + 5*d - 8. Let x = 118 + -65. Suppose -5*r + x = -3*i, 0*i = r - i - 11. What is the remainder when r is divided by d?
2
Let s = 10908 - 10815. Calculate the remainder when 11159 is divided by s.
92
Let b(x) = 2*x**3 + 68*x**2 - 135*x - 316. Calculate the remainder when b(-34) is divided by 7.
4
Suppose 148*s - 54944 = -85*s + 165*s. What is the remainder when 873 is divided by s?
65
Let y(w) = 27*w + 125. What is the remainder when y(11) is divided by 106?
104
Calculate the remainder when 4530 is divided by 24937/110 - 6*(-3)/60.
217
Suppose 92*r - 124*r = -4832. Calculate the remainder when 455 is divided by r.
2
Suppose -3552 = -4*j + 4*g, 3*g + 379 = -j + 1231. Calculate the remainder when j is divided by 87.
9
Let o(t) = 30*t + 7. Let r(j) = -j**3 + 8*j**2 + 1. Let h be r(8). Calculate the remainder when 88 is divided by o(h).
14
Let m(t) = 5*t**2 - 125*t + 695. Calculate the remainder when 393 is divided by m(6).
18
Suppose 659 = 2*h - q - 59, -1795 = -5*h - 2*q. What is the remainder when h is divided by 98?
65
Let g be (-3)/1 - 21*4. Let b = g + 116. What is the remainder when 143 is divided by b?
27
Let j(k) 